133 is divided by i.
65
Suppose o - 50 = 32. Calculate the remainder when o is divided by 20 - ((-3 - (-216)/120) + (-51)/(-5)).
5
Let k(r) = -983*r**3 - 3*r**2 + 41*r + 44. What is the remainder when k(-1) is divided by 17?
14
Let k(f) = -7*f**3 + 3*f**2 - 2*f + 49. Calculate the remainder when k(-7) is divided by 431.
25
Suppose 50*x - 45*x + 5 = 0. What is the remainder when 196 is divided by (12/9)/x*150/(-4)?
46
Let k(i) = -i + 9. Let r be k(-10). Let t(z) = 9 - 30 + z + r*z. Calculate the remainder when t(2) is divided by 12.
7
Let i(n) = 5*n**3 + 2*n - 2. Calculate the remainder when 0 + -4 + (-22 + 4314)/29 is divided by i(2).
18
Let o = 4276 - 2342. Suppose -2*s - 542 + o = 0. Suppose 31*p - s = 19*p. Calculate the remainder when p is divided by 30.
28
Suppose -4*z + 30 = z. Let l(b) = -4*b**3 - b**2 + 28. Let c = -387 - -387. Calculate the remainder when l(c) is divided by z.
4
Let n = -33 + 16. Let v(y) = 6*y + 125. Calculate the remainder when 136 is divided by v(n).
21
Suppose q + 68 = 58*q - 502. Calculate the remainder when 70 is divided by q.
0
Let i(b) = b**3 - 25*b**2 - 21*b + 109. Let d be i(26). Let z = d - 23. Calculate the remainder when z is divided by 31.
30
Let w = 55 + -48. Let b(p) = 9*p + 55. Calculate the remainder when b(3) is divided by w.
5
Let k = 101 + -53. Let n = k + 90. Let c(a) = a**3 - 11*a**2 + 3*a + 2. Calculate the remainder when n is divided by c(11).
33
Suppose -5*t - 8 = 362. Let g = t + 81. Suppose -4*p = -4*v - 8, -2*p + g = v - 3. Calculate the remainder when 16 is divided by p.
0
Let s be (36 - (-3 - -3))*1. Let m = 164 + -160. Suppose -m*c + s = 2*d, -4*d - 5 = -c + 4. Calculate the remainder when 41 is divided by c.
5
Calculate the remainder when ((-16101)/(-15))/3 + ((-408)/85 - -4) is divided by 120.
117
Let j = 5410 - 5224. What is the remainder when 920 is divided by j?
176
Let w(p) = 3*p**2 + 19*p - 10. Let m be w(-7). Suppose 0 = 4*g - 5*g. Suppose 0 = 2*c + c + 15, g = m*t + 4*c + 8. What is the remainder when 3 is divided by t?
0
Let d(b) = -4*b + 30. Let x = 178 - 182. What is the remainder when 365 is divided by d(x)?
43
Suppose 3*g - l = 2515, 10*l = -5*g + 14*l + 4180. What is the remainder when g is divided by 224?
168
Let f = -38 + 60. Let s = -25 + f. Calculate the remainder when 57 is divided by s/5 - 41/5*-3.
9
Let c(g) = 1877*g + 1001. Calculate the remainder when c(2) is divided by 116.
115
Let f(p) = 35*p**2 - 26*p - 24. What is the remainder when 361 is divided by f(-2)?
25
Let v = 26 + -12. Let u(c) = -4*c + 48. Let r be u(7). What is the remainder when v is divided by (-4 + 14)*6/r?
2
Let p(z) = 10*z + 7. Let t(k) = 5*k**3 + 4*k - 13. Let s be t(2). Suppose 4*g - 85 = -f, 3*g - 3*f - s = 2*f. What is the remainder when p(7) is divided by g?
17
Let n = 3911 - 3461. What is the remainder when n is divided by 89?
5
What is the remainder when 19/((-57)/6) + -9 + 980 is divided by 75?
69
Let z(y) = -42*y - 244. Let i be z(-6). Let j = 28 - 8. What is the remainder when (-5 - (-321)/12)*i/3 is divided by j?
18
What is the remainder when ((-1184)/148)/(2/(-59)) is divided by (-8)/((-8)/180*3)?
56
Let f = -471901 + 471929. Let h = -21 - -39. What is the remainder when f is divided by h?
10
Suppose 657*z - 661*z - 2*h = -134, 0 = 2*h - 18. What is the remainder when 882 is divided by z?
12
Let u = -99 + 274. Calculate the remainder when 48 is divided by (-1792)/(-100) + 14/u.
12
Let l(x) = -12*x - 2. Let a = 78690 - 78677. Calculate the remainder when l(-5) is divided by a.
6
Let p(d) = d + 4. Let i(u) = -9*u**2 + u. Let f(k) = 7*k**2 - 2*k + 1. Let s(r) = -5*f(r) - 4*i(r). Calculate the remainder when s(-7) is divided by p(-3).
0
Let b = 64 + -64. Calculate the remainder when 40 is divided by 18 - (b - (-4 - (-6 + 5))).
10
Suppose 2*s = 19 + 9. Let o(i) = i**3 - 15*i**2 + 21*i + 37. Let r be o(13). Calculate the remainder when 111 is divided by 8/s - ((-4656)/r)/(-3).
55
Let i(m) = 8*m**3 + 20*m**2 - 64*m - 33. Calculate the remainder when i(5) is divided by 36.
31
Suppose -18*b + 20*b - 172 = 0. Suppose 0 = b*t - 77*t - 909. What is the remainder when t is divided by 34?
33
Suppose y + 4 = 0, 936 = 4*c + c + 6*y. Calculate the remainder when (-2)/(-16) + 11880/c is divided by 32.
30
Suppose f + 52 = 4*g, 44 = 2*g - 0*g - 5*f. Calculate the remainder when ((-32)/g)/(18/(-351)) is divided by 40.
12
Calculate the remainder when (-1)/(-4) - (-56862)/72 is divided by 72.
70
Let d = 184 + -178. Let p = 16 - d. What is the remainder when 89 is divided by p?
9
Suppose 95 + 220 = 5*n - 80. Calculate the remainder when 288 is divided by n.
51
What is the remainder when 1427 is divided by (51/21 + -1 + (-5)/5)*63?
23
Let c be 4/6 - (-100)/30. Suppose 10 = 3*s + s - 3*t, 4*t = s + c. What is the remainder when 58 is divided by s/((-8)/4) + 17?
13
Suppose 3675 = 2*n - 27*n. Let w = 193 + n. Calculate the remainder when w is divided by 32.
14
Let d(u) = -u**2 + 4*u - 7. Let l be d(5). Suppose -5*f - 2*k = -365, 5*f - 4*f - 2*k - 73 = 0. Calculate the remainder when f is divided by (-3*(-296)/l)/(-2).
36
Let c be (-254)/(-3) + (-6)/9. Suppose -3*m + 5*m - j = 50, 5*m + 3*j - 114 = 0. What is the remainder when (c/(-9))/(2/(-9)) is divided by m?
18
Suppose 3*i + 2 = i + 2*a, 3*a = 4*i - 1. Calculate the remainder when (-4)/(-1) + (6 - i) is divided by 5.
1
Let y be (-2 + -1)*237/(-79). Calculate the remainder when (y - (7 + 3))*-439 is divided by 17.
14
Let n(b) = -b - 7. Suppose 2*a + s + 27 = 0, -a - 2*s = 19 - 4. Let w be n(a). Suppose 0 = w*i - 56 - 88. What is the remainder when i is divided by 16?
8
Let o be -2 + (0 - -9) - 4. Calculate the remainder when 1 + (-3)/3 + 48 is divided by 5/o - (-2392)/156.
14
Suppose 2*p + p = 0. Suppose -2*j + 7 = 3*d - p, -j = 2*d - 4. Suppose -3*n = j*n - 140. What is the remainder when n is divided by 16?
12
Suppose f - 3*x - 3528 = 0, -3*f + 15*x = 11*x - 10594. Calculate the remainder when f is divided by 16.
14
What is the remainder when 56 is divided by 68/(-225) + 74/925 + 74/9?
0
Let r(q) = -8*q + 9. Let o = 128 - 125. Suppose 6*z - 3 = 3*z - 4*m, 5*m - 24 = o*z. What is the remainder when r(z) is divided by 9?
6
Suppose -15*f + 2 + 223 = 0. Calculate the remainder when (-4*3/f)/(6/(-45)) is divided by (-2)/(-6) + 32/12.
0
Let j = -6 + 9. Suppose 2*h = j*h - 24. Suppose 15*p - 19*p - 12 = 0, -5*l + 2*p = -471. Calculate the remainder when l is divided by h.
21
Let q(c) = -174*c + 1469. Calculate the remainder when q(5) is divided by 32.
23
Let r(x) = x**2 + 4*x - 5. Suppose -341 = -1018*v + 987*v. Calculate the remainder when r(-7) is divided by v.
5
Suppose -5*g + 30 = -20. Let d(v) = -9*v - 214. What is the remainder when d(-28) is divided by g?
8
Let c(h) = 58*h**2 - 4*h - 2. Let g be c(-4). Calculate the remainder when (-5 - g/(-30)) + (-4)/10 is divided by 18.
8
Let c(p) = 8*p**2 - 11*p + 15. What is the remainder when 1914 is divided by c(16)?
27
Suppose 2*g - 55 - 15 = 0. Let v = 6089 - 6001. What is the remainder when v is divided by g?
18
Let q be ((120/32)/5)/((-2)/16). Calculate the remainder when 72 is divided by (10*6/(-75))/(q/285).
34
Suppose -5*q + h + 334 = 0, -3*h - 78 = -3*q + 2*q. Suppose 3*w + 3*z + 19 = -17, 5*w + 2*z = -q. What is the remainder when 57 is divided by 54/21*w/(-3)?
9
Suppose -19*c - 76486 = 22*c - 264799. What is the remainder when c is divided by 219?
213
Suppose -28*c + 23*c - z = -85, -5*z - 97 = -4*c. What is the remainder when 1509 is divided by c?
15
Let g(a) = -a**2 - 22*a - 52. Let p be g(-5). Suppose 45*j = 42*j + 2*o + p, -2*j + 4*o = -22. What is the remainder when 52 is divided by j?
8
Let y(j) = -85*j + 1. Let l(u) = 6*u**2 - 68*u + 189. Calculate the remainder when y(-1) is divided by l(8).
28
Suppose 85*r - 43*r - 33534 = -96*r. Calculate the remainder when r is divided by 178.
65
Suppose -5*b - 7 = -22. Let u be 3 - ((-3)/9 - (-1090)/30). Calculate the remainder when 2 is divided by u/(-18) + b/18.
0
Suppose 6*d + 124 = 202. Suppose 54*k - 1312 = d*k. Calculate the remainder when 124 is divided by k.
28
Suppose 4*b - 4*a = 4332, 5*b - 9*b - 5*a + 4359 = 0. What is the remainder when 1090 is divided by b?
4
Suppose 19*z + 924 = 30*z. Suppose -140 = 2*h - 0*w + 2*w, -4*h - 2*w = 286. Let o =